culate d(a).
-7
Let g = -22 - 1. Let v = g + 11. Let h be (-39)/v - (-2)/(-8). Let z(o) = o**3 - 3*o**2 - 3*o + 2. Calculate z(h).
-7
Let k(s) = -2*s**3 - 7*s**2 - 3*s + 2. Let j(r) = r**3 + 4*r**2 + 2*r - 1. Let o(h) = 5*j(h) + 3*k(h). Let u = -53 + 52. Determine o(u).
0
Let h(w) be the first derivative of -w**4/4 + 7*w**3/3 - 10*w + 11. What is h(7)?
-10
Let t(a) = a**3 + 6*a**2 + 2*a + 6. Suppose 0 = -q - 5*u - 37, -2*u + 5*u + 27 = -q. Let z = 6 + q. Give t(z).
-6
Let s(w) = w**3 - 2*w**2 - 2*w. Suppose 2*y - 6 = -0*y. Determine s(y).
3
Let h(w) = w**3 + 8*w**2 + w + 3. Suppose 3*c - 2*j - j = -27, -2*c - 20 = -4*j. Let d be h(c). Let x(t) = -t**2 - 4*t + 2. Give x(d).
-3
Let c(h) = h**2 - 6*h - 6. Suppose 2*m + m = 18. Let u be c(m). Let y be 1/(-2) - 3/u. Let d(j) = j - 5. What is d(y)?
-5
Let u = 12 - 14. Let b(d) = 3*d - 2. What is b(u)?
-8
Let j = -4 - -8. Suppose 0*d + j*d + 11 = -5*h, -3*h - 4*d = 5. Let s(v) = 4 - 3 - v**2 - 6*v - 3. Give s(h).
7
Suppose -4*o + 28 + 9 = 5*s, -5*o + 40 = 5*s. Let p(t) = -3 + 1 + 2*t**2 + t**3 + 2*t - 5*t**2. Determine p(o).
4
Let p be (-2)/3*(-2)/4. Let j(q) be the first derivative of 1 + q + p*q**3 + 2*q**2. Calculate j(-3).
-2
Suppose 0 = 2*i + 3*r + 3, 1 + 2 = -3*i - 4*r. Let s(o) = 4 + i*o - o**3 + 2*o**3 + o**3 - 3*o**3 + o**2. Determine s(3).
-5
Let g(j) = j**2 - 4*j. Let s = 60 + -56. Give g(s).
0
Let u(l) = 9*l + 6*l**2 + 2 + 2*l - 6*l + l**3. What is u(-5)?
2
Let x(v) = v**2 - 5*v + 4. Let t be 0 + 8 + 6/(-2). Suppose 0 = a + 2*y - 10, -t*y + 7 = -2*a - 0*y. Calculate x(a).
0
Let p be (3/(-9))/((-2)/12). Suppose 4*s + 0*s + k = p, 0 = -4*s - 3*k - 2. Let f(t) = -5*t**2 + 6 - 3*t - t**3 - 4 - s. Calculate f(-4).
-3
Let c(b) = -4*b**2 + b. Let f(l) be the second derivative of l**3/6 + l**2 - 3*l. Let n be f(-1). Calculate c(n).
-3
Let h(f) = 4*f + 1. Let p(j) = -6*j - 1. Let d(q) = -5*h(q) - 4*p(q). Determine d(2).
7
Let d be 36/15*(-25)/(-2). Let g be ((-24)/(-30))/((-4)/d). Let i(f) = -f - 7. Determine i(g).
-1
Let i(g) be the third derivative of -g**5/12 - g**4/24 - g**3/6 + 5*g**2. What is i(-2)?
-19
Let r(m) = -m**2 - 3*m - 3. Suppose k - 2*u - 4 + 0 = 0, -4*u = -k + 4. Suppose -q - 3*h = -3, 0*h = -2*q + k*h - 14. Let j = -1 + q. Give r(j).
-7
Let l(h) = -7*h - 1. Let c(f) = -f + 3. Let a be c(0). Suppose a*y = -0*y - 3. What is l(y)?
6
Let n be (-15)/30*(-12 + 0). Let m(f) = -f**2 + 7*f + 4. Give m(n).
10
Let o(i) be the second derivative of -i**4/12 + 4*i**3/3 - 33*i. Give o(7).
7
Let z(u) = 3*u + 1. Let o = 7 + -7. Suppose 5*w - 8 - 2 = o. Suppose t - w*t - 3*s = -4, 3*t + 2*s = -2. What is z(t)?
-5
Let p = 5/232 + 3/29. Let u(y) be the third derivative of -p*y**4 + 1/6*y**3 + 1/60*y**5 + 0 + y**2 + 0*y. What is u(3)?
1
Let h(r) = r - 2. Let u be (-1 - 0)/(5 - 4). Let l(q) = -5*q - 1. Let i be l(u). Calculate h(i).
2
Let p(l) be the second derivative of 0 + 1/6*l**3 - l**2 - l. Determine p(4).
2
Let o(m) be the first derivative of -5 - m**2 + 0*m + 1/3*m**3. What is o(4)?
8
Let h = 19 + -15. Suppose -4*j = x - 6, 3*j - 13 = -6*x + x. Let c(g) = 0 - 4 + 6 - x*g. Determine c(h).
-6
Let g = 7 - 6. Let y(z) = -8*z**2 + 1. Calculate y(g).
-7
Let k be (1 + -1)/(6 + -8). Let v(g) be the third derivative of g**6/120 - g**5/60 - g**4/24 + g**3/3 + g**2. Determine v(k).
2
Let g(d) = -d**3 - d**2 - d - 3. Let b(h) = h - 4. Let r = 4 + -3. Let t be (0 - -1)*(r + 3). Let m be b(t). Calculate g(m).
-3
Let f(l) = 6*l - 40. Let p be f(7). Let i(w) = -2*w**2 - 3*w - 5. Let b(q) = 5*q**2 + 7*q + 11. Let a(m) = 3*b(m) + 7*i(m). Determine a(p).
2
Let v(n) = -n**2 - 4*n + 2. Suppose 2*x - x - 17 = 5*u, 21 = -3*u - 3*x. What is v(u)?
2
Suppose -v = 4 + 4. Let j = v + 5. Let l = -4 - j. Let b(i) = -11*i**3 - 2*i**2 - i. Give b(l).
10
Let z be 8/28 - (-40)/7. Let m(k) = k**2 - 8*k + 7. Calculate m(z).
-5
Let l be (-4)/(3 + -3 + 2). Let o be (4/l)/(-4)*-6. Let b(s) = -s**3 - s**2 + 3*s - 4. Determine b(o).
5
Let i(s) = 2*s + 2*s**2 - 2*s - 2 - s**2 + s. Suppose 2*z = -3*n + 1, 4*z - n + 0 = -19. Give i(z).
10
Let d(g) = -g + 679 + 3*g - 673. Calculate d(-6).
-6
Let t = -251 + 248. Let y(j) = -4 + 0 + 1 + 4*j + j**2. What is y(t)?
-6
Let m be (2/6)/(1/9). Suppose m*v - 5*g + 5 = 17, 4*v = -g + 16. Let x(z) = z. Let a(i) = i + 7. Let u(p) = a(p) - 2*x(p). Give u(v).
3
Let q(j) be the third derivative of -j**6/120 + j**5/12 - j**4/6 + 2*j**3/3 + 5*j**2. Let a(o) = o**3 - 7*o**2 + 7*o - 2. Let f be a(6). Determine q(f).
4
Let a(k) = k - 1. Suppose -4*i - 19 - 5 = 0. What is a(i)?
-7
Let q(n) = -n**3 + 2*n. Suppose -5*u - 4*g + 5*g - 9 = 0, 5*u - 4*g + 6 = 0. Calculate q(u).
4
Let n(l) = -l**2 + 5*l - 7. Let g be n(3). Let s(d) = -6*d + 1. Calculate s(g).
7
Suppose 3*p = 2*p + 2. Let y(l) = -3*l**2 - 3*l - l**3 - 2*l**p + l - 3. Let t(m) = 3*m - 2. Let o be t(-1). Give y(o).
7
Let s(f) be the first derivative of -f**7/840 - f**6/90 + f**5/40 + f**4/24 + 4*f**3/3 - 4. Let c(g) be the third derivative of s(g). Calculate c(-4).
-11
Let p(z) = -z - 5. Suppose 2*x + 2*x - 3*u + 16 = 0, -3*x - 13 = -2*u. Calculate p(x).
2
Let n(g) = 7*g + 18 - 7*g**2 + g**3 - 12 - 10. Determine n(4).
-24
Let f(d) = 2*d**2 - 12*d + 12. Let u(i) = -i**2 + 5*i - 5. Let z(c) = 5*f(c) + 12*u(c). What is z(1)?
-2
Let p(v) = -4*v**3 + v**2. Let b be p(-1). Let g = 6 + -3. Let t(q) = 5 - 3*q + 0*q**g - 6*q**2 + 3*q**3 + 6*q - 2*q**3. Give t(b).
-5
Let v(f) be the first derivative of -f**4 - 7*f - 2. Let h(k) = -k**3 - k**2 - k - 1. Let w(o) = -3*h(o) + v(o). Determine w(3).
5
Suppose -m = -o - 3, 0 = -2*o + o - 3. Let c(i) be the first derivative of i**2/2 + 7*i + 1. What is c(m)?
7
Let q = -21 + 22. Let x(g) = -3*g - 1. What is x(q)?
-4
Let r(t) = 3*t - t**3 + 0 - 6*t**2 - 2*t + 2. Suppose 3*h + 3 = -3. Let u be 1/h - (-22)/(-4). What is r(u)?
-4
Suppose n + 4 = 2*i, -2*n = 2*i - n - 4. Let w(m) = -m**3 + 2*m + 5*m**2 - 2 + 0*m**3 + 0*m**i. Give w(5).
8
Suppose 0 = -0*d - 2*d. Let c be 0 - ((-8)/(-4) - d). Let r(i) be the third derivative of -i**5/60 + i**4/24 - i**2. Calculate r(c).
-6
Let l(x) = x**3 + 1. Suppose 5*r + 7 = -2*f, 8*r - 4*r + f = -5. Give l(r).
0
Suppose 1 = 4*s - 11. Let k(v) = -s*v - v**3 + v + 1 + 3*v - v**2 + 0*v. Suppose 2*g = -3*g - 5. What is k(g)?
0
Let f(w) = 8*w + w + 8*w + w**2 - 20*w. Calculate f(5).
10
Let l(i) = i**2 - i**2 - 2*i**2 + 4 - 5*i. Let z(c) = 15*c - 64. Let h be z(4). What is l(h)?
-8
Let u(d) be the second derivative of -d**6/720 - d**5/120 - d**4/4 - 2*d. Let h(c) be the third derivative of u(c). Let b = -2 - -4. What is h(b)?
-3
Let n(a) be the third derivative of a**6/720 + a**5/60 - a**4/24 - 2*a**2. Let u(f) be the second derivative of n(f). Let y be (1 + 2)/((-12)/8). What is u(y)?
0
Let b(r) = -r**2 + 5*r - 4. Let u be (4/(-6))/(4/12). Let s be (2/u + 0)*-10. Let n = -5 + s. Give b(n).
-4
Let f(p) = 0*p**3 + p + p**3 + 0*p**3 + p**2 - 1. Suppose 10 = -k - 2. Let v be (8/(-6))/((-8)/k). Calculate f(v).
-7
Let y be (-2)/(-7) + (-4)/14. Suppose y = -5*m + 7 + 8. Let n(k) = 2*k - 1 - 3*k**2 + k**m - 4*k + 3. Determine n(3).
-4
Let p(s) = 5*s + 0*s + 1 - 6*s + 2*s - 6*s. Let x(n) = -n**2 + 4*n + 1. Let q be x(4). Determine p(q).
-4
Let y(v) = 2*v**2 + 1. Let r(a) = a - 3. Let m be r(2). Let l be y(m). Let n(u) = u**3 - 5*u**2 + 3*u + 2. Give n(l).
-7
Let x(u) = -11*u**3 + u**2 + u + 10. Let q(f) = 5*f**3 - f - 5. Let d(s) = 9*q(s) + 4*x(s). What is d(-5)?
-5
Let m(k) be the second derivative of k**6/120 - k**5/20 - k**4/4 + k**3/6 - k**2/2 - 2*k. Let h(v) be the first derivative of m(v). What is h(4)?
-7
Let d(z) be the second derivative of -z**3/6 + 7*z**2 - 8*z. Give d(6).
8
Let u(x) = x**2 + 5*x. Let n be u(-5). Suppose -1 = -5*j + 9. Let v(p) = -p**j + 4 + 5*p - 5*p. Calculate v(n).
4
Let r(p) = -p + 2. Let h(b) = b - 1. Let q(w) = -7*h(w) - 6*r(w). Give q(-6).
1
Suppose 4*t - 18 = -2. Suppose 3 = -c + t. Let l(f) = -9*f**2 - f - 2. Let z(k) = k**2 + 1. Let j(a) = -l(a) - 3*z(a). Calculate j(c).
6
Let f(m) be the first derivative of m**4/4 - 4*m**3/3 - m**2/2 - 4*m + 1. Let l = 5 + -1. Determine f(l).
-8
Let z(u) = 5*u**2 + 3*u + 1. Let c = 183 - 185. What is z(c)?
15
Let z(i) = 2*i**2 + 3*i - 2. Let a be (-4)/8 + (-5)/(-2). Give z(a).
12
Suppose 17 - 2 = -5*d. Let x be 3 - 1 - 0/d. Let w